
6
What is the ten thousands digit of 1193523?
9
What is the tens digit of 95185?
8
What is the hundred thousands digit of 6895248?
8
What is the tens digit of 2011149?
4
What is the tens digit of 4933535?
3
What is the hundred thousands digit of 1574114?
5
What is the hundreds digit of 2083409?
4
What is the millions digit of 5375651?
5
What is the hundreds digit of 69620?
6
What is the hundreds digit of 164343?
3
What is the units digit of 373388?
8
What is the tens digit of 723370?
7
What is the tens digit of 545258?
5
What is the hundred thousands digit of 6606931?
6
What is the hundreds digit of 85665?
6
What is the millions digit of 1256348?
1
What is the units digit of 4987857?
7
What is the tens digit of 3375137?
3
What is the ten thousands digit of 290428?
9
What is the hundreds digit of 17355?
3
What is the hundred thousands digit of 2395350?
3
What is the hundred thousands digit of 15090837?
0
What is the tens digit of 364538?
3
What is the thousands digit of 187669?
7
What is the units digit of 1742536?
6
What is the ten thousands digit of 162927?
6
What is the tens digit of 8097021?
2
What is the ten thousands digit of 1145838?
4
What is the units digit of 68255?
5
What is the tens digit of 1036104?
0
What is the hundreds digit of 193623?
6
What is the ten thousands digit of 16784772?
8
What is the tens digit of 3546330?
3
What is the thousands digit of 909872?
9
What is the hundreds digit of 457011?
0
What is the thousands digit of 14352693?
2
What is the hundred thousands digit of 183296?
1
What is the ten thousands digit of 170848?
7
What is the tens digit of 12196473?
7
What is the hundred thousands digit of 14821564?
8
What is the millions digit of 5900978?
5
What is the hundreds digit of 15202777?
7
What is the thousands digit of 1298431?
8
What is the ten thousands digit of 3427123?
2
What is the hundred thousands digit of 433833?
4
What is the hundred thousands digit of 766184?
7
What is the tens digit of 315649?
4
What is the ten thousands digit of 38267?
3
What is the millions digit of 8369305?
8
What is the ten thousands digit of 144581?
4
What is the tens digit of 129571?
7
What is the ten thousands digit of 67398?
6
What is the hundred thousands digit of 4430454?
4
What is the hundred thousands digit of 5708338?
7
What is the tens digit of 420528?
2
What is the tens digit of 775317?
1
What is the hundred thousands digit of 34144715?
1
What is the hundreds digit of 9014360?
3
What is the ten thousands digit of 283175?
8
What is the hundred thousands digit of 317809?
3
What is the thousands digit of 600954?
0
What is the hundreds digit of 63620?
6
What is the hundreds digit of 301836?
8
What is the units digit of 108687?
7
What is the hundred thousands digit of 797641?
7
What is the millions digit of 12573577?
2
What is the thousands digit of 850609?
0
What is the hundred thousands digit of 5007521?
0
What is the tens digit of 255090?
9
What is the thousands digit of 4117318?
7
What is the ten thousands digit of 10702603?
0
What is the ten thousands digit of 6808625?
0
What is the thousands digit of 1742260?
2
What is the hundreds digit of 7046609?
6
What is the hundreds digit of 515669?
6
What is the units digit of 1037970?
0
What is the thousands digit of 231366?
1
What is the ten thousands digit of 2062724?
6
What is the units digit of 9231254?
4
What is the thousands digit of 508340?
8
What is the ten thousands digit of 15750430?
5
What is the thousands digit of 2825051?
5
What is the tens digit of 1625960?
6
What is the tens digit of 4879940?
4
What is the thousands digit of 250616?
0
What is the units digit of 14297?
7
What is the units digit of 392051?
1
What is the hundred thousands digit of 532130?
5
What is the hundred thousands digit of 114478?
1
What is the units digit of 1917682?
2
What is the hundred thousands digit of 20581792?
5
What is the tens digit of 1182222?
2
What is the millions digit of 5043639?
5
What is the tens digit of 49129?
2
What is the hundred thousands digit of 2189175?
1
What is the thousands digit of 20715567?
5
What is the hundreds digit of 1094688?
6
What is the tens digit of 5671143?
4
What is the tens digit of 138455?
5
What is the thousands digit of 114054?
4
What is the hundreds digit of 7553215?
2
What is the hundred thousands digit of 169301?
1
What is the units digit of 10873909?
9
What is the millions digit of 10037506?
0
What is the hundred thousands digit of 1646963?
6
What is the units digit of 1046830?
0
What is the tens digit of 152954?
5
What is the units digit of 300801?
1
What is the tens digit of 11480684?
8
What is the thousands digit of 603690?
3
What is the hundred thousands digit of 639542?
6
What is the hundred thousands digit of 260058?
2
What is the units digit of 7699561?
1
What is the hundred thousands digit of 101396?
1
What is the units digit of 180375?
5
What is the thousands digit of 391341?
1
What is the hundred thousands digit of 4144933?
1
What is the ten thousands digit of 59778?
5
What is the ten thousands digit of 1667545?
6
What is the thousands digit of 15469071?
9
What is the millions digit of 1277253?
1
What is the tens digit of 105352?
5
What is the units digit of 6081991?
1
What is the thousands digit of 1161327?
1
What is the thousands digit of 1477209?
7
What is the hundred thousands digit of 242181?
2
What is the tens digit of 793220?
2
What is the units digit of 266933?
3
What is the ten thousands digit of 6505044?
0
What is the thousands digit of 151174?
1
What is the units digit of 2755074?
4
What is the thousands digit of 12728968?
8
What is the tens digit of 1321362?
6
What is the tens digit of 36331965?
6
What is the hundreds digit of 1572671?
6
What is the units digit of 2340309?
9
What is the millions digit of 1065947?
1
What is the thousands digit of 6543542?
3
What is the hundreds digit of 1096992?
9
What is the units digit of 1118207?
7
What is the thousands digit of 124349?
4
What is the thousands digit of 37979?
7
What is the millions digit of 3497648?
3
What is the thousands digit of 284820?
4
What is the ten thousands digit of 27927202?
2
What is the units digit of 13054961?
1
What is the hundreds digit of 3426019?
0
What is the ten thousands digit of 2507364?
0
What is the thousands digit of 78413?
8
What is the hundreds digit of 296226?
2
What is the hundred thousands digit of 1673846?
6
What is the units digit of 1518393?
3
What is the thousands digit of 1734809?
4
What is the ten thousands digit of 161052?
6
What is the hundreds digit of 894394?
3
What is the units digit of 896303?
3
What is the millions digit of 3638846?
3
What is the hundreds digit of 1315300?
3
What is the millions digit of 14536077?
4
What is the ten thousands digit of 88211?
8
What is the units digit of 2614616?
6
What is the units digit of 29518770?
0
What is the units digit of 101572?
2
What is the millions digit of 1049075?
1
What is the units digit of 216820?
0
What is the units digit of 15253245?
5
What is the ten thousands digit of 175002?
7
What is the ten millions digit of 16109846?
1
What is the hundreds digit of 2443662?
6
What is the hundred thousands digit of 2101108?
1
What is the units digit of 4271964?
4
What is the units digit of 16308?
8
What is the thousands digit of 3815756?
5
What is the tens digit of 14862117?
1
What is the units digit of 213214?
4
What is the hundred thousands digit of 495937?
4
What is the units digit of 1088685?
5
What is the units digit of 151947?
7
What is the units digit of 36548167?
7
What is the ten thousands digit of 787017?
8
What is the thousands digit of 1639789?
9
What is the tens digit of 177875?
7
What is the tens digit of 3450519?
1
What is the units digit of 84443?
3
What is the thousands digit of 447860?
7
What is the thousands digit of 759190?
9
What is the units digit of 10758401?
1
What is the millions digit of 2734736?
2
What is the thousands digit of 2237550?
7
What is the millions digit of 9160062?
9
What is the units digit of 373233?
3
What is the millions digit of 8839884?
8
What is the hundred thousands digit of 10573139?
5
What is the thousands digit of 1454869?
4
What is the tens digit of 7923605?
0
What is the units digit of 845316?
6
What is the thousands digit of 191488?
1
Wh